 factor of 108136?
False
Is 8456831 a multiple of 31?
True
Does 264 divide 670099?
False
Is 108659 a multiple of 95?
False
Does 1497 divide 2315501?
False
Is 3436160 a multiple of 14?
True
Is 11460676 a multiple of 13?
False
Is 25 a factor of 619336?
False
Does 2 divide 237589?
False
Is 17 a factor of 9197?
True
Does 62 divide 8002588?
True
Is 108 a factor of 237492?
True
Is 91 a factor of 10101?
True
Is 255527 a multiple of 307?
False
Does 73 divide 1444597?
True
Is 14 a factor of 951440?
True
Does 162 divide 1048626?
True
Is 582 a factor of 1684890?
True
Does 23 divide 178618?
True
Does 565 divide 3195640?
True
Is 9 a factor of 45608?
False
Is 835884 a multiple of 7?
True
Is 423 a factor of 2776539?
False
Is 363793 a multiple of 76?
False
Is 13679 a multiple of 96?
False
Is 407880 a multiple of 55?
True
Does 30 divide 76654?
False
Is 377 a factor of 304239?
True
Is 27 a factor of 987406?
False
Is 13856 a multiple of 29?
False
Is 487689 a multiple of 14?
False
Is 16 a factor of 1557616?
True
Is 2 a factor of 121387?
False
Is 1649196 a multiple of 1098?
True
Is 113666 a multiple of 147?
False
Does 31 divide 7197471?
False
Is 67 a factor of 331583?
True
Is 48 a factor of 279945?
False
Does 570 divide 46701?
False
Does 900 divide 7286378?
False
Does 250 divide 7129750?
True
Is 118 a factor of 20665694?
True
Is 1207 a factor of 1659625?
True
Does 158 divide 547944?
True
Is 5287251 a multiple of 611?
False
Is 183888 a multiple of 8?
True
Is 1336 a multiple of 4?
True
Does 270 divide 2029867?
False
Is 5 a factor of 1336282?
False
Is 33006 a multiple of 119?
False
Is 9 a factor of 71262?
True
Does 24 divide 1118208?
True
Is 7 a factor of 3148866?
True
Does 1249 divide 6863659?
False
Is 4583 even?
False
Is 437743 a multiple of 77?
False
Is 570472 a multiple of 334?
True
Is 1974038 a multiple of 165?
False
Is 18 a factor of 10386?
True
Is 38 a factor of 555180?
True
Is 1354638 a multiple of 28?
False
Is 5 a factor of 3021655?
True
Does 16 divide 3190064?
True
Does 34 divide 105162?
True
Is 42360 a multiple of 40?
True
Does 98 divide 293418?
False
Is 112948 a multiple of 302?
True
Is 10 a factor of 9328446?
False
Does 1364 divide 6056160?
True
Is 258 a factor of 10320?
True
Does 176 divide 24129072?
True
Does 82 divide 3558128?
False
Does 43 divide 464228?
True
Is 145901 a multiple of 9?
False
Is 503 a factor of 1116591?
False
Is 19 a factor of 821919?
False
Is 10301418 a multiple of 81?
True
Does 23 divide 2594469?
True
Is 35 a factor of 1158815?
True
Does 15 divide 20955?
True
Is 454786 a multiple of 23?
False
Is 336400 a multiple of 5?
True
Does 132 divide 738144?
True
Is 266 a factor of 651168?
True
Is 399252 a multiple of 49?
True
Does 21 divide 5990157?
False
Is 373103 a multiple of 16?
False
Does 525 divide 72630?
False
Does 39 divide 12606?
False
Does 56 divide 3026576?
True
Is 69744 a multiple of 6?
True
Is 288328 a multiple of 23?
True
Is 339989 a multiple of 13?
True
Is 77 a factor of 136829?
True
Is 87076 a multiple of 44?
True
Does 20 divide 92856?
False
Is 404416 a multiple of 284?
True
Is 1006 a factor of 10849710?
True
Is 20 a factor of 72740?
True
Is 23905 a multiple of 21?
False
Is 1247 a factor of 1440285?
True
Does 24 divide 5498127?
False
Is 64 a factor of 35495552?
True
Is 27 a factor of 176378?
False
Is 15 a factor of 55385?
False
Does 173 divide 3705859?
False
Is 88 a factor of 570592?
True
Is 250 a factor of 617000?
True
Is 171292 a multiple of 47?
False
Is 85122 a multiple of 6?
True
Does 73 divide 3063044?
False
Does 185 divide 2306395?
True
Is 430 a factor of 9708110?
True
Is 3081120 a multiple of 262?
True
Is 306 a factor of 147614?
False
Is 64196 a multiple of 4?
True
Does 676 divide 1880751?
False
Does 138 divide 156768?
True
Is 104 a factor of 212834?
False
Does 419 divide 311736?
True
Is 674 a factor of 1892240?
False
Is 4 a factor of 2400?
True
Does 233 divide 3759165?
False
Is 181197 a multiple of 107?
False
Is 272 a factor of 3516673?
False
Is 645373 a multiple of 535?
False
Is 23 a factor of 527758?
True
Is 32652 a multiple of 18?
True
Does 73 divide 5516301?
False
Is 119 a factor of 299047?
True
Is 384 a factor of 1371336?
False
Does 138 divide 27206700?
True
Is 123 a factor of 6394719?
False
Is 8 a factor of 1420416?
True
Is 1778737 a multiple of 8?
False
Does 91 divide 1062617?
False
Does 385 divide 1189294?
False
Does 66 divide 156354?
True
Is 51 a factor of 28857?
False
Does 39 divide 1096399?
False
Is 151 a factor of 25972?
True
Is 61622 a multiple of 111?
False
Does 87 divide 224634?
True
Does 408 divide 688296?
True
Is 225588 a multiple of 133?
False
Is 18 a factor of 356526?
True
Is 355056 a multiple of 16?
True
Does 172 divide 9858015?
False
Does 68 divide 712516?
False
Is 7280624 a multiple of 986?
True
Is 200033 a multiple of 37?
False
Is 565 a factor of 3116540?
True
Is 1311 a factor of 4183868?
False
Is 3043264 a multiple of 111?
False
Does 4 divide 1093900?
True
Is 83376 a multiple of 9?
True
Does 117 divide 81794?
False
Does 650 divide 694538?
False
Is 246 a factor of 8929084?
False
Is 2086176 a multiple of 413?
False
Is 339 a factor of 2724204?
True
Is 261479 a multiple of 389?
False
Is 8 a factor of 115641?
False
Does 22 divide 59466?
True
Is 419424 a multiple of 68?
True
Is 6 a factor of 7335?
False
Is 42 a factor of 209015?
False
Is 17095 a multiple of 18?
False
Is 68 a factor of 316382?
False
Does 26 divide 339188?
False
Is 3402561 a multiple of 24?
False
Is 1312080 a multiple of 60?
True
Does 512 divide 4689586?
False
Is 14386 a multiple of 17?
False
Does 121 divide 1015181?
False
Is 718029 a multiple of 9?
True
Is 9 a factor of 1627486?
False
Is 2 a factor of 104268?
True
Is 87 a factor of 600822?
True
Is 13257895 a multiple of 12?
False
Is 392 a factor of 184731?
False
Is 759 a factor of 14121938?
False
Is 1439174 a multiple of 519?
False
Does 78 divide 369355?
False
Is 59 a factor of 25134?
True
Does 200 divide 53400?
True
Is 1064785 a multiple of 456?
False
Is 171678 a multiple of 186?
True
Is 218537 a multiple of 104?
False
Is 469716 a multiple of 13?
True
Is 11 a factor of 4362303?
True
Is 4 a factor of 81488?
True
Is 7 a factor of 21539?
True
Does 79 divide 2148010?
True
Is 114800 a multiple of 410?
True
Is 17185 a multiple of 149?
False
Is 31 a factor of 23157?
True
Is 5543792 a multiple of 740?
False
Is 661 a factor of 492445?
True
Is 49 a factor of 728728?
True
Is 83 a factor of 289919?
True
Does 1861 divide 26796539?
True
Does 637 divide 6270266?
False
Is 6 a factor of 166698?
True
Is 17 a factor of 3957957?
True
Is 454 a factor of 5479780?
True
Is 164131 a multiple of 573?
False
Is 1673555 a multiple of 13?
True
Is 681192 a multiple of 8?
True
Is 10491572 a multiple of 533?
True
Does 6 divide 1064214?
True
Is 96 a factor of 1873824?
True
Is 22 a factor of 2282742?
True
Does 25 divide 951083?
False
Is 661105 a multiple of 151?
False
Does 86 divide 47765?
False
Does 503 divide 675434?
False
Is 21264 a multiple of 6?
True
Does 410 divide 1480100?
True
Is 894242 a multiple of 83?
True
Is 167 a factor of 3584655?
True
Does 1322 divide 4569579?
False
Is 105415 a multiple of 29?
True
Does 6 divide 141804?
True
Is 5 a factor of 41562?
False
Is 101661 a multiple of 14?
False
Is 12 a factor of 618540?
True
Is 3 a factor of 338385?
True
Is 442 a factor of 112085?
False
Does 151 divide 1414266?
True
Does 41 divide 121155?
True
Is 444249 a multiple of 61?
False
Is 12 a factor of 121633?
False
Is 30 a factor of 2391637?
False
Is 19 a factor of 260441?
False
Does 51 divide 23917?
False
Does 19 divide 279376?
True
Is 227 a factor of 5882?
False
Does 75 divide 523950?
True
Does 17 divide 2219309?
False
Is 21 a factor of 274848?
True
Does 174 divide 206538?
True
Is 657170 a multiple of 7?
False
Is 363 a factor of 134310?
True
Is 210078 a multiple of 9?
True
Is 1027468 a multiple of 237?
False
Does 12 divide 341195?
False
Is 64682 a multiple of 178?
False
Is 86 a factor of 2783046?
True
Does 28 divide 104240?
False
Is 21638 even?
True
Does 2 divide 16526?
True
Is 11281322 a multiple of 13?
True
Is 73 a factor of 2087361?
False
Is 4816320 a multiple of 320?
True
Is 27854712 a multiple of 12?
True
Is 350509 a multiple of 9?
False
Is 116 a factor of 124120?
True
Is 114 a factor of 5385360?
True
Is 5